{"id":439,"date":"2020-12-29T18:17:09","date_gmt":"2020-12-29T17:17:09","guid":{"rendered":"https:\/\/www.uni-weimar.de\/projekte\/radioartresidencyweimar\/?page_id=439"},"modified":"2023-01-25T15:21:56","modified_gmt":"2023-01-25T14:21:56","slug":"elementor-439","status":"publish","type":"page","link":"https:\/\/www.uni-weimar.de\/projekte\/radioartresidencyweimar\/de\/about-2\/elementor-439\/","title":{"rendered":"Kooperationspartner"},"content":{"rendered":"\n<div class=\"wp-block-cover alignfull has-background-dim-20 has-white-background-color has-background-dim has-parallax\" style=\"background-image:url(https:\/\/www.uni-weimar.de\/projekte\/radioartresidencyweimar\/wp-content\/uploads\/2022\/03\/BackGround.png)\"><div class=\"wp-block-cover__inner-container\">\n<div style=\"height:140px\" aria-hidden=\"true\" class=\"wp-block-spacer\"><\/div>\n\n\n\n<div class=\"wp-block-columns\">\n<div class=\"wp-block-column\" style=\"flex-basis:10%\"><\/div>\n\n\n\n<div class=\"wp-block-column\" style=\"flex-basis:66.66%\">\n<h1 class=\"has-text-color has-huge-font-size\" style=\"color:#007074\">Kooperationspartner &amp; Medienpartner<\/h1>\n<\/div>\n<\/div>\n\n\n\n<div class=\"wp-block-columns\">\n<div class=\"wp-block-column has-black-color has-text-color\" style=\"flex-basis:10%\"><\/div>\n\n\n\n<div class=\"wp-block-column has-black-color has-text-color\" style=\"flex-basis:60%\">\n<p><b>Das Goethe-Institut<\/b>&nbsp;ist das weltweit t\u00e4tige Kulturinstitut der Bundesrepublik Deutschland. Es f\u00f6rdert die Kenntnis der deutschen Sprache im Ausland und pflegt die internationale kulturelle Zusammenarbeit. In den Bereichen Film, Fernsehen und H\u00f6rfunk f\u00f6rdert es die Vernetzung und initiiert den inhaltlichen und k\u00fcnstlerischen Austausch zwischen deutschen und internationalen Expert*innen. Die Radio Art Residency ist einmalig in ihrer Art im Netzwerk des Goethe-Instituts. Sie bietet den Stipendiat*innen die M\u00f6glichkeit, von den vielf\u00e4ltigen kulturellen Aktivit\u00e4ten des Goethe-Instituts zu profitieren.<\/p>\n<p><strong><span style=\"color: #008080;\"><a style=\"color: #008080;\" href=\"http:\/\/www.goethe.de\/\">www.goethe.de<\/a><\/span><\/strong><\/p>\n<p>&nbsp;<\/p>\n<\/div>\n\n\n\n<div class=\"wp-block-column\">\n<figure class=\"wp-block-image size-full is-resized\"><img loading=\"lazy\" src=\"https:\/\/www.uni-weimar.de\/projekte\/radioartresidencyweimar\/wp-content\/uploads\/2020\/12\/GI_Logo_horizontal_black_sRGB_klein.png\" alt=\"\" class=\"wp-image-432\" width=\"115\" height=\"54\"\/><\/figure>\n<\/div>\n\n\n\n<div class=\"wp-block-column has-black-color has-text-color\" style=\"flex-basis:10px\">\n<div class=\"wp-block-buttons\"><\/div>\n<\/div>\n<\/div>\n\n\n\n<div class=\"wp-block-columns\">\n<div class=\"wp-block-column has-black-color has-text-color\" style=\"flex-basis:10%\"><\/div>\n\n\n\n<div class=\"wp-block-column has-black-color has-text-color\" style=\"flex-basis:60%\">\n<p><b>Das Experimentelle Radio<\/b>&nbsp;an der Bauhaus-Universit\u00e4t Weimar ist als Ausbildung und Produktionsst\u00e4tte f\u00fcr das k\u00fcnstlerische Medium Radio einzigartig in Europa. Es versteht sich als Produktionsort f\u00fcr innovative, radiophone Formate und kreative interdisziplin\u00e4re und internationale Modelle, die den k\u00fcnstlerischen und technischen Ver\u00e4nderungen unserer Zeit Rechnung tragen.&nbsp;<\/p>\n<p>Die Lehre umfasst alle Bereiche des Mediums Radio, vom Journalismus \u00fcber Radiokunst bis hin zur Radioinstallation, dem Live-H\u00f6rspiel und anderen Formen der Radio-Aktion. Dabei werden interaktive Projekte, die durch Internetradio, Streaming, Podcast und mobile Endger\u00e4te m\u00f6glich geworden sind, besondere Beachtung geschenkt. Ein eigenes Sende- und Produktionsstudio und die direkte Anbindung des Experimentellen Radios an den w\u00f6chentlichen Sendebetrieb von bauhaus.fm erm\u00f6glicht neue, unkonventionelle Impulse in die \u00d6ffentlichkeit zu tragen und sie \u00fcber Webauftritt und Streaming sogar weltweit zug\u00e4nglich zu machen. Das durch das k\u00fcnstlerische Forschungsprojekt Radiophonic Spaces ausgebaute internationale Netzwerk bietet Austausch und vielseitige Kooperationsm\u00f6glichkeiten zur Radiokunstszene sowie zu \u00f6ffentlich-rechtlichen und freien Radios im In-und Ausland.<\/p>\n<p><span style=\"color: #008080;\"><strong><a style=\"color: #008080;\" href=\"http:\/\/www.experimentellesradio.de\/\">www.experimentellesradio.de<\/a><\/strong><\/span><\/p>\n<p>&nbsp;<\/p>\n<\/div>\n\n\n\n<div class=\"wp-block-column\">\n<figure class=\"wp-block-image size-large is-resized\"><img loading=\"lazy\" src=\"https:\/\/www.uni-weimar.de\/projekte\/radioartresidencyweimar\/wp-content\/uploads\/2020\/12\/Logo-exp_C0_M0_Y0_K100-1024x238.jpg\" alt=\"\" class=\"wp-image-434\" width=\"256\" height=\"60\" srcset=\"https:\/\/www.uni-weimar.de\/projekte\/radioartresidencyweimar\/wp-content\/uploads\/2020\/12\/Logo-exp_C0_M0_Y0_K100-1024x238.jpg 1024w, https:\/\/www.uni-weimar.de\/projekte\/radioartresidencyweimar\/wp-content\/uploads\/2020\/12\/Logo-exp_C0_M0_Y0_K100-300x70.jpg 300w, https:\/\/www.uni-weimar.de\/projekte\/radioartresidencyweimar\/wp-content\/uploads\/2020\/12\/Logo-exp_C0_M0_Y0_K100-768x179.jpg 768w, https:\/\/www.uni-weimar.de\/projekte\/radioartresidencyweimar\/wp-content\/uploads\/2020\/12\/Logo-exp_C0_M0_Y0_K100.jpg 1161w\" sizes=\"(max-width: 256px) 100vw, 256px\" \/><\/figure>\n<\/div>\n\n\n\n<div class=\"wp-block-column has-black-color has-text-color\" style=\"flex-basis:10px\">\n<div class=\"wp-block-buttons\"><\/div>\n<\/div>\n<\/div>\n\n\n\n<div class=\"wp-block-columns\">\n<div class=\"wp-block-column has-black-color has-text-color\" style=\"flex-basis:10%\"><\/div>\n\n\n\n<div class=\"wp-block-column has-black-color has-text-color\" style=\"flex-basis:60%\">\n<p><strong>Die Hochschule f\u00fcr Musik FRANZ LISZT Weimar<\/strong> versteht sich als eine internationale\u00a0universit\u00e4re Ausbildungsst\u00e4tte und Forschungseinrichtung. Sie ist tief verwurzelt in der europ\u00e4ischen Musiktradition und zu Hause in der hochsymbolischen Kulturstadt Weimar.<br \/><br \/>Ihre Ausbildung st\u00fctzt sich im Sinne von Franz Liszt auf drei S\u00e4ulen: Musikpraxis, P\u00e4dagogik und Wissenschaft \u2013 sie sind f\u00fcr eine ganzheitliche Ausbildung unverzichtbar und erg\u00e4nzen sich gegenseitig.<\/p>\n<p>Die Hochschule sucht Antworten auf die zentralen Fragen von Kunst, Kultur und Gesellschaft. Deshalb sind Innovation, Neugier und Offenheit Ma\u00dfstab ihres Handelns. F\u00fcr sie geh\u00f6rt musikalische Bildung und Pers\u00f6nlichkeitsbildung untrennbar zusammen. Dabei ist die Gleichstellung der Geschlechter und die Ber\u00fccksichtigung der Bed\u00fcrfnisse von Menschen mit Behinderung eine Selbstverst\u00e4ndlichkeit.<br \/><br \/>Ihr Auftrag ergibt sich aus dem von ihr gelebten musikalischen Kulturerbe<strong>,<\/strong> das best\u00e4ndig erneuert und weitergef\u00fchrt wird. Lehre, Kunst und Forschung sind frei und schaffen offene R\u00e4ume f\u00fcr Studium, Experiment und Erneuerung.<\/p>\n<p><strong><span style=\"color: #008080;\"><a style=\"color: #008080;\" href=\"https:\/\/www.hfm-weimar.de\/institut-fuer-neue-musik-und-jazz\/studienbereich-neue-musik\/studio-fuer-elektroakustische-musik-seam\/\">https:\/\/www.hfm-weimar.de\/start<\/a><\/span><\/strong><\/p>\n<\/div>\n\n\n\n<div class=\"wp-block-column\"><\/div>\n\n\n\n<div class=\"wp-block-column has-black-color has-text-color\" style=\"flex-basis:10px\">\n<div class=\"wp-block-buttons\"><\/div>\n<\/div>\n<\/div>\n\n\n\n<div class=\"wp-block-columns\">\n<div class=\"wp-block-column has-black-color has-text-color\" style=\"flex-basis:10%\"><\/div>\n\n\n\n<div class=\"wp-block-column has-black-color has-text-color\" style=\"flex-basis:60%\">\n<p><b>Klangkunst auf Deutschlandfunk Kultur<br><\/b>Deutschlandradio ist eine Mehrl\u00e4nderanstalt, die drei bundesweite H\u00f6rfunkprogramme produziert: Deutschlandfunk, Deutschlandfunk Kultur und Deutschlandfunk Nova. Gemeinsam mit der ARD und dem ZDF bildet Deutschlandradio den \u00f6ffentlich-rechtlichen Rundfunk in Deutschland.<\/p>\n<p>Das w\u00f6chentliche Programm \u201eKlangkunst\u201c auf Deutschlandfunk Kultur wurde 1995 eingerichtet, um die formalen M\u00f6glichkeiten des H\u00f6rspiels zu erweitern, neue Gattungen zu erproben und die H\u00f6rer*innen mit hervorragenden Beispielen internationaler Klangkunst bekannt zu machen. Der Sendeplatz, in der Redaktion von Marcus Gammel, versteht sich als Laboratorium der Radiokunst mit einem m\u00f6glichst breiten Spektrum an Kl\u00e4ngen. Ausgangspunkt dieser Sendungen sind unterschiedlichste Stoffe und Themen aus der magischen Welt des H\u00f6rens.<\/p>\n<p>Die Klangkunst ist Mitglied der Ars Acustica-Arbeitsgruppe der Europ\u00e4ischen Rundfunkunion (EBU).<\/p>\n<p><strong><span style=\"color: #008080;\"><a style=\"color: #008080;\" href=\"https:\/\/www.deutschlandfunkkultur.de\/klangkunst-deutsch.3685.de.html?dram:article_id=173608\">https:\/\/www.deutschlandfunkkultur.de\/klangkunst-deutsch.3685.de.html?dram:article_id=173608<\/a><\/span><\/strong><\/p>\n<\/div>\n\n\n\n<div class=\"wp-block-column\">\n<figure class=\"wp-block-image size-full\"><img loading=\"lazy\" width=\"1024\" height=\"116\" src=\"https:\/\/www.uni-weimar.de\/projekte\/radioartresidencyweimar\/wp-content\/uploads\/2022\/03\/Deutschlandfunk_Kultur_Logo_Schwarz_sRGB-1024x116-1.png\" alt=\"\" class=\"wp-image-1870\" srcset=\"https:\/\/www.uni-weimar.de\/projekte\/radioartresidencyweimar\/wp-content\/uploads\/2022\/03\/Deutschlandfunk_Kultur_Logo_Schwarz_sRGB-1024x116-1.png 1024w, https:\/\/www.uni-weimar.de\/projekte\/radioartresidencyweimar\/wp-content\/uploads\/2022\/03\/Deutschlandfunk_Kultur_Logo_Schwarz_sRGB-1024x116-1-300x34.png 300w, https:\/\/www.uni-weimar.de\/projekte\/radioartresidencyweimar\/wp-content\/uploads\/2022\/03\/Deutschlandfunk_Kultur_Logo_Schwarz_sRGB-1024x116-1-768x87.png 768w\" sizes=\"(max-width: 1024px) 100vw, 1024px\" \/><\/figure>\n<\/div>\n\n\n\n<div class=\"wp-block-column has-black-color has-text-color\" style=\"flex-basis:10px\">\n<div class=\"wp-block-buttons\"><\/div>\n<\/div>\n<\/div>\n\n\n\n<div class=\"wp-block-columns\">\n<div class=\"wp-block-column has-black-color has-text-color\" style=\"flex-basis:10%\"><\/div>\n\n\n\n<div class=\"wp-block-column has-black-color has-text-color\" style=\"flex-basis:60%\">\n<p><strong>Das Haus der Kulturen der Welt (HKW) <\/strong>schafft ein Forum f\u00fcr die zeitgen\u00f6ssischen K\u00fcnste und kritische Debatten. Inmitten tiefgreifender globaler und planetarer Transformationsprozesse erkundet das HKW k\u00fcnstlerische Positionen, wissenschaftliche Konzepte und politische Handlungsfelder neu: Wie lassen sich die Gegenwart, wie ihre beschleunigten technologischen Umw\u00e4lzungen fassen? Wie k\u00f6nnen die Migrationsgesellschaften von morgen aussehen? Und welche Aufgabe \u00fcbernehmen hierbei die K\u00fcnste und die Wissenschaften?<\/p>\n<p class=\"noMarginBottom\">Das Haus der Kulturen der Welt entwickelt und inszeniert ein in Europa einzigartiges Programm in einer Verbindung aus Diskurs, Ausstellungen, Konzerten und Performance, aus Forschung, Vermittlungsangeboten und Publikationen. Seine Projekte initiieren Denkprozesse und entwerfen neue Bezugssysteme. Dabei begreift das HKW Geschichte als Ressource f\u00fcr alternative Erz\u00e4hlungen.<\/p>\n<p class=\"noMarginBottom\">In einer au\u00dfergew\u00f6hnlichen Kongress-Architektur der Moderne erm\u00f6glicht das HKW neuartige Formen des Zusammenkommens und \u00f6ffnet Erfahrungsr\u00e4ume zwischen Kunst und Diskurs. Gemeinsam mit K\u00fcnstler*innen, Wissenschaftler*innen, Expert*innen des Alltags und Partner*innen weltweit erkundet es Ideen, die im Entstehen begriffen sind, und teilt diese mit dem internationalen Publikum Berlins und der digitalen \u00d6ffentlichkeit.<\/p>\n<p><a href=\"https:\/\/archiv.hkw.de\/de\/\"><span style=\"color: #3366ff;\"><strong>https:\/\/archiv.hkw.de\/de\/<\/strong><\/span><\/a><\/p>\n<\/div>\n\n\n\n<div class=\"wp-block-column\"><\/div>\n\n\n\n<div class=\"wp-block-column has-black-color has-text-color\" style=\"flex-basis:10px\">\n<div class=\"wp-block-buttons\"><\/div>\n<\/div>\n<\/div>\n\n\n\n<div class=\"wp-block-columns\">\n<div class=\"wp-block-column has-black-color has-text-color\" style=\"flex-basis:10%\"><\/div>\n\n\n\n<div class=\"wp-block-column has-black-color has-text-color\" style=\"flex-basis:60%\">\n<p>In den Jahren 2021 und 2022 waren die <b>ACC Galerie Weimar<\/b> sowie die <strong>Galerie Eigenheim<\/strong> Kooperationspartner der Radiokunstresidenz.<\/p>\n<\/div>\n\n\n\n<div class=\"wp-block-column\">\n<figure class=\"wp-block-image size-medium is-resized\"><img loading=\"lazy\" src=\"https:\/\/www.uni-weimar.de\/projekte\/radioartresidencyweimar\/wp-content\/uploads\/2021\/01\/ACC_black-300x187.jpg\" alt=\"\" class=\"wp-image-607\" width=\"150\" height=\"94\" srcset=\"https:\/\/www.uni-weimar.de\/projekte\/radioartresidencyweimar\/wp-content\/uploads\/2021\/01\/ACC_black-300x187.jpg 300w, https:\/\/www.uni-weimar.de\/projekte\/radioartresidencyweimar\/wp-content\/uploads\/2021\/01\/ACC_black-1024x639.jpg 1024w, https:\/\/www.uni-weimar.de\/projekte\/radioartresidencyweimar\/wp-content\/uploads\/2021\/01\/ACC_black-768x479.jpg 768w, https:\/\/www.uni-weimar.de\/projekte\/radioartresidencyweimar\/wp-content\/uploads\/2021\/01\/ACC_black-1536x958.jpg 1536w, https:\/\/www.uni-weimar.de\/projekte\/radioartresidencyweimar\/wp-content\/uploads\/2021\/01\/ACC_black-2048x1277.jpg 2048w\" sizes=\"(max-width: 150px) 100vw, 150px\" \/><\/figure>\n\n\n\n<figure class=\"wp-block-image size-medium\"><img loading=\"lazy\" width=\"300\" height=\"96\" src=\"https:\/\/www.uni-weimar.de\/projekte\/radioartresidencyweimar\/wp-content\/uploads\/2021\/01\/EIGENHEIM-Weimar-Schriftlogo-2018-schwarz-300x96.jpg\" alt=\"\" class=\"wp-image-584\" srcset=\"https:\/\/www.uni-weimar.de\/projekte\/radioartresidencyweimar\/wp-content\/uploads\/2021\/01\/EIGENHEIM-Weimar-Schriftlogo-2018-schwarz-300x96.jpg 300w, https:\/\/www.uni-weimar.de\/projekte\/radioartresidencyweimar\/wp-content\/uploads\/2021\/01\/EIGENHEIM-Weimar-Schriftlogo-2018-schwarz-1024x328.jpg 1024w, https:\/\/www.uni-weimar.de\/projekte\/radioartresidencyweimar\/wp-content\/uploads\/2021\/01\/EIGENHEIM-Weimar-Schriftlogo-2018-schwarz-768x246.jpg 768w, https:\/\/www.uni-weimar.de\/projekte\/radioartresidencyweimar\/wp-content\/uploads\/2021\/01\/EIGENHEIM-Weimar-Schriftlogo-2018-schwarz-1536x492.jpg 1536w, https:\/\/www.uni-weimar.de\/projekte\/radioartresidencyweimar\/wp-content\/uploads\/2021\/01\/EIGENHEIM-Weimar-Schriftlogo-2018-schwarz-2048x655.jpg 2048w\" sizes=\"(max-width: 300px) 100vw, 300px\" \/><\/figure>\n\n\n\n<p><\/p>\n<\/div>\n\n\n\n<div class=\"wp-block-column has-black-color has-text-color\" style=\"flex-basis:10px\">\n<div class=\"wp-block-buttons\"><\/div>\n<\/div>\n<\/div>\n\n\n\n<div class=\"wp-block-columns\"><\/div>\n\n\n\n<div class=\"wp-block-columns\">\n<div class=\"wp-block-column\" style=\"flex-basis:66.66%\">\n<p><\/p>\n<\/div>\n\n\n\n<div class=\"wp-block-column\" style=\"flex-basis:33.33%\">\n<div class=\"wp-block-buttons\"><\/div>\n<\/div>\n<\/div>\n<\/div><\/div>\n","protected":false},"excerpt":{"rendered":"","protected":false},"author":2,"featured_media":0,"parent":106,"menu_order":0,"comment_status":"closed","ping_status":"closed","template":"","meta":[],"_links":{"self":[{"href":"https:\/\/www.uni-weimar.de\/projekte\/radioartresidencyweimar\/wp-json\/wp\/v2\/pages\/439"}],"collection":[{"href":"https:\/\/www.uni-weimar.de\/projekte\/radioartresidencyweimar\/wp-json\/wp\/v2\/pages"}],"about":[{"href":"https:\/\/www.uni-weimar.de\/projekte\/radioartresidencyweimar\/wp-json\/wp\/v2\/types\/page"}],"author":[{"embeddable":true,"href":"https:\/\/www.uni-weimar.de\/projekte\/radioartresidencyweimar\/wp-json\/wp\/v2\/users\/2"}],"replies":[{"embeddable":true,"href":"https:\/\/www.uni-weimar.de\/projekte\/radioartresidencyweimar\/wp-json\/wp\/v2\/comments?post=439"}],"version-history":[{"count":56,"href":"https:\/\/www.uni-weimar.de\/projekte\/radioartresidencyweimar\/wp-json\/wp\/v2\/pages\/439\/revisions"}],"predecessor-version":[{"id":2539,"href":"https:\/\/www.uni-weimar.de\/projekte\/radioartresidencyweimar\/wp-json\/wp\/v2\/pages\/439\/revisions\/2539"}],"up":[{"embeddable":true,"href":"https:\/\/www.uni-weimar.de\/projekte\/radioartresidencyweimar\/wp-json\/wp\/v2\/pages\/106"}],"wp:attachment":[{"href":"https:\/\/www.uni-weimar.de\/projekte\/radioartresidencyweimar\/wp-json\/wp\/v2\/media?parent=439"}],"curies":[{"name":"wp","href":"https:\/\/api.w.org\/{rel}","templated":true}]}}