{"id":2767,"date":"2024-10-23T01:15:36","date_gmt":"2024-10-22T23:15:36","guid":{"rendered":"https:\/\/www.uni-weimar.de\/projekte\/radioartresidencyweimar\/?page_id=2767"},"modified":"2024-10-23T02:18:18","modified_gmt":"2024-10-23T00:18:18","slug":"ha-thuy-hang","status":"publish","type":"page","link":"https:\/\/www.uni-weimar.de\/projekte\/radioartresidencyweimar\/de\/ha-thuy-hang\/","title":{"rendered":"H\u00e0 Th\u00fay H\u1eb1ng"},"content":{"rendered":"\n<div class=\"wp-block-cover alignfull has-white-background-color has-parallax has-custom-content-position is-position-top-center\" style=\"background-image:url(https:\/\/www.uni-weimar.de\/projekte\/radioartresidencyweimar\/wp-content\/uploads\/2022\/03\/BackGround.png);min-height:1401px\"><div class=\"wp-block-cover__inner-container\">\n<div style=\"height:111px\" aria-hidden=\"true\" class=\"wp-block-spacer\"><\/div>\n\n\n\n<div class=\"wp-block-group alignfull\"><div class=\"wp-block-group__inner-container\">\n<div class=\"wp-block-columns alignfull\">\n<div class=\"wp-block-column is-vertically-aligned-center\" style=\"flex-basis:100%\">\n<div class=\"wp-block-columns\">\n<div class=\"wp-block-column\" style=\"flex-basis:20%\"><\/div>\n\n\n\n<div class=\"wp-block-column\" style=\"flex-basis:60%\">\n<div class=\"wp-block-columns\">\n<div class=\"wp-block-column\">\n<div class=\"wp-block-image\"><figure class=\"aligncenter size-full\"><img loading=\"lazy\" width=\"557\" height=\"678\" src=\"https:\/\/www.uni-weimar.de\/projekte\/radioartresidencyweimar\/wp-content\/uploads\/2024\/10\/Group-99.png\" alt=\"\" class=\"wp-image-2765\" srcset=\"https:\/\/www.uni-weimar.de\/projekte\/radioartresidencyweimar\/wp-content\/uploads\/2024\/10\/Group-99.png 557w, https:\/\/www.uni-weimar.de\/projekte\/radioartresidencyweimar\/wp-content\/uploads\/2024\/10\/Group-99-246x300.png 246w\" sizes=\"(max-width: 557px) 100vw, 557px\" \/><\/figure><\/div>\n\n\n\n<div class=\"wp-block-buttons\">\n<div class=\"wp-block-button has-custom-font-size is-style-outline has-medium-font-size\"><a class=\"wp-block-button__link has-text-color has-background\" href=\"vot-mot-canh-canh-chiem-bao-tran-dan-multichannel-audio-and-video-installation-by-ha-thuy-hang\" style=\"background-color:#eadfdc;color:#007074\"><strong><strong>Installation &#8220;v\u1edbt m\u1ed9t canh c\u00e1nh chi\u00eam bao<\/strong>&#8220;<\/strong> (Tr\u1ea7n D\u1ea7n) vom 25.-27. Oktober, 2024<\/a><\/div>\n<\/div>\n<\/div>\n\n\n\n<div class=\"wp-block-column\">\n<p><span style=\"color: #000000;\"><strong>H\u00e0 Th\u00fay H\u1eb1ng<\/strong> ist eine Multimedia-Komponistin, Klangk\u00fcnstlerin und Improvisatorin in Hanoi, Vietnam. Sie studierte von klein auf klassische Musik. Sie hat einen Abschluss in Musikwissenschaft von der Vietnam National Academy of Music (2015) und Music Experimentation and Improvisation, DomDom Hub for Experimental Art and Music, Viet Nam (2018). H\u1eb1ng hat ein besonderes Interesse an traditioneller vietnamesischer Musik und Kunst in zeitgen\u00f6ssischen Kontexten. In ihren Arbeiten erforscht sie h\u00e4ufig die Wechselbeziehung zwischen indigenen Kulturen und sozialem Wandel. 2018 gr\u00fcndete sie The Future of Tradition, ein Projekt, das sich an junge Menschen richtet, die sich f\u00fcr die Erhaltung und Entwicklung traditioneller Kultur und Kunst interessieren <\/span>\u2013 <span style=\"color: #000000;\">das Projekt wird von Famlab \u2013 British Council gef\u00f6rdert.<\/span><\/p>\n<p><span style=\"color: #000000;\">H\u00e0 Th\u00fay H\u1eb1ng ist eine bekannte K\u00fcnstlerin der jungen Generation in Vietnam in den letzten Jahren. Mit ihren k\u00fcnstlerischen Aktivit\u00e4ten bringt sie neue Ideen ein und schafft eine Gemeinschaft junger zeitgen\u00f6ssischer K\u00fcnstler*innen mit \u00e4hnlichen Interessen, die sich mit der einheimischen Kunst und Kultur Vietnams auseinandersetzen. In den Jahren 2019 und 2020 war H\u00e0 Th\u00fay H\u1eb1ng K\u00fcnstlerin des Jahres (die prestigetr\u00e4chtige Auszeichnung von Hanoi Grapevine &#8211; einem wichtigen und aktiven F\u00f6rderer der Kunst in Vietnam). Im Jahr 2022 erhielt sie den prestigetr\u00e4chtigen Prince Claus Seed Awards (Niederlande), ihre Werke wurden unter anderem in Vietnam, Indonesien, S\u00fcdkorea, Italien, Deutschland und der Tschechischen Republik ausgestellt.<\/span><\/p>\n<\/div>\n<\/div>\n<\/div>\n\n\n\n<div class=\"wp-block-column\" style=\"flex-basis:20%\"><\/div>\n<\/div>\n<\/div>\n<\/div>\n<\/div><\/div>\n<\/div><\/div>\n","protected":false},"excerpt":{"rendered":"","protected":false},"author":2,"featured_media":0,"parent":0,"menu_order":0,"comment_status":"closed","ping_status":"closed","template":"","meta":[],"_links":{"self":[{"href":"https:\/\/www.uni-weimar.de\/projekte\/radioartresidencyweimar\/wp-json\/wp\/v2\/pages\/2767"}],"collection":[{"href":"https:\/\/www.uni-weimar.de\/projekte\/radioartresidencyweimar\/wp-json\/wp\/v2\/pages"}],"about":[{"href":"https:\/\/www.uni-weimar.de\/projekte\/radioartresidencyweimar\/wp-json\/wp\/v2\/types\/page"}],"author":[{"embeddable":true,"href":"https:\/\/www.uni-weimar.de\/projekte\/radioartresidencyweimar\/wp-json\/wp\/v2\/users\/2"}],"replies":[{"embeddable":true,"href":"https:\/\/www.uni-weimar.de\/projekte\/radioartresidencyweimar\/wp-json\/wp\/v2\/comments?post=2767"}],"version-history":[{"count":4,"href":"https:\/\/www.uni-weimar.de\/projekte\/radioartresidencyweimar\/wp-json\/wp\/v2\/pages\/2767\/revisions"}],"predecessor-version":[{"id":2811,"href":"https:\/\/www.uni-weimar.de\/projekte\/radioartresidencyweimar\/wp-json\/wp\/v2\/pages\/2767\/revisions\/2811"}],"wp:attachment":[{"href":"https:\/\/www.uni-weimar.de\/projekte\/radioartresidencyweimar\/wp-json\/wp\/v2\/media?parent=2767"}],"curies":[{"name":"wp","href":"https:\/\/api.w.org\/{rel}","templated":true}]}}