{"id":2630,"date":"2023-09-05T11:32:18","date_gmt":"2023-09-05T09:32:18","guid":{"rendered":"https:\/\/www.uni-weimar.de\/projekte\/radioartresidencyweimar\/?page_id=2630"},"modified":"2024-10-23T01:20:34","modified_gmt":"2024-10-22T23:20:34","slug":"bella","status":"publish","type":"page","link":"https:\/\/www.uni-weimar.de\/projekte\/radioartresidencyweimar\/de\/bella\/","title":{"rendered":"BELLA"},"content":{"rendered":"\n<div class=\"wp-block-cover alignfull has-white-background-color has-parallax has-custom-content-position is-position-top-center\" style=\"background-image:url(https:\/\/www.uni-weimar.de\/projekte\/radioartresidencyweimar\/wp-content\/uploads\/2022\/03\/BackGround.png);min-height:1401px\"><div class=\"wp-block-cover__inner-container\">\n<div style=\"height:111px\" aria-hidden=\"true\" class=\"wp-block-spacer\"><\/div>\n\n\n\n<div class=\"wp-block-group alignfull\"><div class=\"wp-block-group__inner-container\">\n<div class=\"wp-block-columns alignfull\">\n<div class=\"wp-block-column is-vertically-aligned-center\" style=\"flex-basis:100%\">\n<div class=\"wp-block-columns\">\n<div class=\"wp-block-column\" style=\"flex-basis:20%\"><\/div>\n\n\n\n<div class=\"wp-block-column\" style=\"flex-basis:60%\">\n<div class=\"wp-block-columns\">\n<div class=\"wp-block-column\">\n<div class=\"wp-block-image\"><figure class=\"aligncenter size-full\"><img loading=\"lazy\" width=\"668\" height=\"677\" src=\"https:\/\/www.uni-weimar.de\/projekte\/radioartresidencyweimar\/wp-content\/uploads\/2023\/09\/FIGMA-bella-2.png\" alt=\"\" class=\"wp-image-2627\" srcset=\"https:\/\/www.uni-weimar.de\/projekte\/radioartresidencyweimar\/wp-content\/uploads\/2023\/09\/FIGMA-bella-2.png 668w, https:\/\/www.uni-weimar.de\/projekte\/radioartresidencyweimar\/wp-content\/uploads\/2023\/09\/FIGMA-bella-2-296x300.png 296w\" sizes=\"(max-width: 668px) 100vw, 668px\" \/><\/figure><\/div>\n\n\n\n<div class=\"wp-block-buttons\">\n<div class=\"wp-block-button is-style-outline\"><a class=\"wp-block-button__link has-text-color has-background\" href=\"https:\/\/www.uni-weimar.de\/projekte\/radioartresidencyweimar\/de\/home_de\/\" style=\"background-color:#eadfdc;color:#4d836e\"><strong>0.1 Pressemitteilung<\/strong><\/a><\/div>\n<\/div>\n<\/div>\n\n\n\n<div class=\"wp-block-column\">\n<p><span style=\"color: #000000;\">Isabella Meirelles Correia Pena aka <strong>BELLA<\/strong> ist eine in S\u00e3o Paulo ans\u00e4ssige Klangk\u00fcnstlerin, die Radiokunst, Installationen, Performances, Kompositionen, Soundtracks und Videos produziert. Sie erforscht die physischen und magischen Aspekte von Klang und Licht und erkundet die Grenzen zwischen dem H\u00f6rbaren, dem Unwahrnehmbaren und der Materie. In ihrer Praxis baut sie auch ihre eigene Elektronik und f\u00fchrt Workshops durch.<\/span><\/p>\n<p><span style=\"color: #000000;\">Ihre Arbeiten wurden u.a. auf der Bienal de Arte Digital, dem Festival Novas Frequ\u00eancias, dem Centro Cultural La Revoltosa (PER), Radio Tsonami (CL), Cashmere Radio (DE) und dem Sonic Matter Festival (CH) pr\u00e4sentiert. Internationale Residenzen: City as a Forest &#8211; Museum of Tomorrow, Amplify &#8211; Oi Futuro, One Beat Virtual, CTM Music Makers Hacklab (Berlin), Binaural\/Nodar (PT), Lo Spazio Poschiavo (CH). Sie schloss ihr Postgraduiertenstudium in Creative Processes in Music\/Sonology an der USP &#8211; Universit\u00e4t von S\u00e3o Paulo ab.<\/span><\/p>\n<p><span style=\"color: #000000;\">Im Jahr 2015 war sie Mitbegr\u00fcnderin und Teilnehmerin von meteoro, einem Projekt, das Frauen und nicht-bin\u00e4re Menschen aus der Klangkunst in Rio de Janeiro zusammenbrachte. Im Jahr 2022 konzipierte sie SO(\u00d1)AR, ein Projekt, das lateinamerikanische Frauen zusammenbringt, um Kompositionen zu schaffen, die von Tr\u00e4umen geleitet werden, und das von Iberm\u00fasicas unterst\u00fctzt wurde.<\/span><\/p>\n<\/div>\n<\/div>\n<\/div>\n\n\n\n<div class=\"wp-block-column\" style=\"flex-basis:20%\"><\/div>\n<\/div>\n<\/div>\n<\/div>\n<\/div><\/div>\n<\/div><\/div>\n","protected":false},"excerpt":{"rendered":"","protected":false},"author":2,"featured_media":0,"parent":0,"menu_order":0,"comment_status":"closed","ping_status":"closed","template":"","meta":[],"_links":{"self":[{"href":"https:\/\/www.uni-weimar.de\/projekte\/radioartresidencyweimar\/wp-json\/wp\/v2\/pages\/2630"}],"collection":[{"href":"https:\/\/www.uni-weimar.de\/projekte\/radioartresidencyweimar\/wp-json\/wp\/v2\/pages"}],"about":[{"href":"https:\/\/www.uni-weimar.de\/projekte\/radioartresidencyweimar\/wp-json\/wp\/v2\/types\/page"}],"author":[{"embeddable":true,"href":"https:\/\/www.uni-weimar.de\/projekte\/radioartresidencyweimar\/wp-json\/wp\/v2\/users\/2"}],"replies":[{"embeddable":true,"href":"https:\/\/www.uni-weimar.de\/projekte\/radioartresidencyweimar\/wp-json\/wp\/v2\/comments?post=2630"}],"version-history":[{"count":1,"href":"https:\/\/www.uni-weimar.de\/projekte\/radioartresidencyweimar\/wp-json\/wp\/v2\/pages\/2630\/revisions"}],"predecessor-version":[{"id":2636,"href":"https:\/\/www.uni-weimar.de\/projekte\/radioartresidencyweimar\/wp-json\/wp\/v2\/pages\/2630\/revisions\/2636"}],"wp:attachment":[{"href":"https:\/\/www.uni-weimar.de\/projekte\/radioartresidencyweimar\/wp-json\/wp\/v2\/media?parent=2630"}],"curies":[{"name":"wp","href":"https:\/\/api.w.org\/{rel}","templated":true}]}}