{"id":2034,"date":"2022-03-04T22:17:28","date_gmt":"2022-03-04T21:17:28","guid":{"rendered":"https:\/\/www.uni-weimar.de\/projekte\/radioartresidencyweimar\/?page_id=2034"},"modified":"2024-05-29T16:12:03","modified_gmt":"2024-05-29T14:12:03","slug":"masimba-hwati-de","status":"publish","type":"page","link":"https:\/\/www.uni-weimar.de\/projekte\/radioartresidencyweimar\/de\/masimba-hwati-de\/","title":{"rendered":"MASIMBA HWATI"},"content":{"rendered":"\n<div class=\"wp-block-cover alignfull has-white-background-color has-parallax has-custom-content-position is-position-top-center\" style=\"background-image:url(https:\/\/www.uni-weimar.de\/projekte\/radioartresidencyweimar\/wp-content\/uploads\/2022\/03\/BackGround.png);min-height:2000px\"><div class=\"wp-block-cover__inner-container\">\n<div style=\"height:111px\" aria-hidden=\"true\" class=\"wp-block-spacer\"><\/div>\n\n\n\n<div class=\"wp-block-group alignfull\"><div class=\"wp-block-group__inner-container\">\n<div class=\"wp-block-columns alignfull\">\n<div class=\"wp-block-column is-vertically-aligned-center\" style=\"flex-basis:100%\">\n<div class=\"wp-block-columns\">\n<div class=\"wp-block-column\" style=\"flex-basis:20%\"><\/div>\n\n\n\n<div class=\"wp-block-column\" style=\"flex-basis:60%\">\n<div class=\"wp-block-columns\">\n<div class=\"wp-block-column\">\n<div class=\"wp-block-image\"><figure class=\"aligncenter size-full\"><img loading=\"lazy\" width=\"566\" height=\"686\" src=\"https:\/\/www.uni-weimar.de\/projekte\/radioartresidencyweimar\/wp-content\/uploads\/2022\/03\/Frame-30-2.png\" alt=\"\" class=\"wp-image-2273\" srcset=\"https:\/\/www.uni-weimar.de\/projekte\/radioartresidencyweimar\/wp-content\/uploads\/2022\/03\/Frame-30-2.png 566w, https:\/\/www.uni-weimar.de\/projekte\/radioartresidencyweimar\/wp-content\/uploads\/2022\/03\/Frame-30-2-248x300.png 248w\" sizes=\"(max-width: 566px) 100vw, 566px\" \/><\/figure><\/div>\n\n\n\n<div class=\"wp-block-buttons\">\n<div class=\"wp-block-button has-custom-width wp-block-button__width-100 has-custom-font-size is-style-outline has-medium-font-size\"><a class=\"wp-block-button__link has-text-color has-background\" href=\"https:\/\/www.uni-weimar.de\/projekte\/radioartresidencyweimar\/de\/masimba-hwati-on-generations-fm-2\/\" style=\"border-radius:16px;background-color:#eadfdc;color:#007074\"><strong>0.1 Masimba Hwati on generations.fm<\/strong><\/a><\/div>\n\n\n\n<div class=\"wp-block-button has-custom-width wp-block-button__width-100 has-custom-font-size is-style-outline has-medium-font-size\"><a class=\"wp-block-button__link has-text-color has-background\" href=\"https:\/\/www.uni-weimar.de\/projekte\/radioartresidencyweimar\/de\/live-radio-performances-by-masimba-hwati-2\/\" style=\"border-radius:16px;background-color:#eadfdc;color:#007074\"><strong>0.2 Live Radio Performances by Masimba Hwati.<\/strong><\/a><\/div>\n\n\n\n<div class=\"wp-block-button has-custom-width wp-block-button__width-100 has-custom-font-size is-style-outline has-medium-font-size\"><a class=\"wp-block-button__link has-text-color has-background\" href=\"https:\/\/www.uni-weimar.de\/projekte\/radioartresidencyweimar\/de\/masimba-hwati-to-be-continued-2\/\" style=\"border-radius:16px;background-color:#eadfdc;color:#007074\"><strong>0.3 <strong>Masimba Hwati<\/strong> \u2013 to be continued<\/strong><\/a><\/div>\n\n\n\n<div class=\"wp-block-button has-custom-width wp-block-button__width-100 has-custom-font-size is-style-outline has-medium-font-size\"><a class=\"wp-block-button__link has-text-color has-background\" href=\"https:\/\/www.uni-weimar.de\/projekte\/radioartresidencyweimar\/de\/schwarzmarktklange-und-guerillapoesie-mshika-shika-von-masimba-hwati\/\" style=\"border-radius:16px;background-color:#eadfdc;color:#007074\"><strong>0.4 Black Market Sounds and Guerrilla Poetry: Mshika-Shika<\/strong><\/a><\/div>\n\n\n\n<div class=\"wp-block-button has-custom-width wp-block-button__width-100 has-custom-font-size is-style-outline has-medium-font-size\"><a class=\"wp-block-button__link has-text-color has-background\" href=\"https:\/\/www.uni-weimar.de\/projekte\/radioartresidencyweimar\/de\/monday-night-stream-27-masimba-hwati-im-gesprach-at-acc-galerie-weimar-2\/\" style=\"border-radius:16px;background-color:#eadfdc;color:#007074\"><strong>0.5 Masimba Hwati im Gespr\u00e4ch at ACC Galerie.<\/strong><\/a><\/div>\n\n\n\n<div class=\"wp-block-button has-custom-width wp-block-button__width-100 has-custom-font-size is-style-outline has-medium-font-size\"><a class=\"wp-block-button__link has-text-color has-background\" href=\"https:\/\/www.uni-weimar.de\/projekte\/radioartresidencyweimar\/de\/the-black-market-sound-2\/\" style=\"border-radius:16px;background-color:#eadfdc;color:#007074\"><strong>06. The Black Market Sound<\/strong><\/a><\/div>\n\n\n\n<div class=\"wp-block-button has-custom-width wp-block-button__width-100 has-custom-font-size is-style-outline has-medium-font-size\"><a class=\"wp-block-button__link has-text-color has-background\" href=\"https:\/\/www.uni-weimar.de\/projekte\/radioartresidencyweimar\/de\/zimbabwe-through-an-artists-lens-with-masimba-hwati-2\/\" style=\"border-radius:16px;background-color:#eadfdc;color:#007074\"><strong>0.7 Zimbabwe through an Artists\u2019 lens with Masimba Hwati<\/strong><\/a><\/div>\n<\/div>\n<\/div>\n\n\n\n<div class=\"wp-block-column\">\n<p><span style=\"font-weight: 400; color: #000000;\">Das Goethe-Institut und die Professur f\u00fcr Experimentelles Radio der Bauhaus-Universit\u00e4t Weimar geben den Beginn der Radio Art Residency in Weimar mit ihrem ersten Artist-in-Residence Masimba Hwati f\u00fcr den Zeitraum April-Juni 2021 bekannt.\u00a0<\/span><\/p>\n<p><span style=\"font-weight: 400; color: #000000;\">Die Radio Art Residency Weimar ist ein gemeinsames Projekt des Goethe-Instituts und der Bauhaus-Universit\u00e4t Weimar in Kooperation mit der Hochschule f\u00fcr Musik Franz Liszt, dem Deutschlandfunk Kultur, der Th\u00fcringer Landesmedienanstalt, dem EIGENHEIM Weimar\/Berlin, der ACC Galerie Weimar und Radio Lotte. Ziel der Radio Art Residency ist es, die eigenst\u00e4ndige k\u00fcnstlerische Arbeit zu f\u00f6rdern und die Realisierung neuer Kunstwerke zu unterst\u00fctzen. Von der Nutzung des Radios als Ausstellungsraum f\u00fcr Kunstwerke bis hin zur Nutzung als Echtzeitmedium bietet die Residency ein breites Spektrum an kreativen M\u00f6glichkeiten f\u00fcr die k\u00fcnstlerische Praxis.<\/span><\/p>\n<p><span style=\"font-weight: 400; color: #000000;\">Die Radio Art Residency startete 2018 als Kooperation zwischen dem Goethe-Institut und Radio Corax (Halle\/Saale) mit Unterst\u00fctzung der Kunststiftung Sachsen-Anhalt. Nach drei erfolgreichen Jahren und sechs Artists-in-Residence zieht die Radio Art Residency nun in einem leicht ver\u00e4nderten Format von Halle nach Weimar.\u00a0<\/span><\/p>\n<p><span style=\"font-weight: 400; color: #000000;\">\u00dcber 450 Bewerbungen aus mehr als 60 L\u00e4ndern rund um den Globus folgten dem ersten offenen Aufruf im Januar 2021. Die vorgeschlagenen Projekte reichten von Podcasts bis zu Radiokompositionen\/-st\u00fccken, von Klanginstallationen bis zu Live-Performances unter Verwendung von Archivmaterial oder selbst generiertem Material. Dies zeigt das weltweit wachsende Interesse an Radiokunst.<\/span><\/p>\n<p><span style=\"font-weight: 400; color: #000000;\">Die Jury &#8211; bestehend aus Vertretern des Goethe Instituts, der Bauhaus Universit\u00e4t Weimar, des Deutschlandfunks Kultur und der Galerie EIGENHEIM Weimar\/Berlin &#8211; entschied sich schlie\u00dflich daf\u00fcr, den simbabwischen K\u00fcnstler Masimba Hwati mit seinem Projekt einzuladen: Wairesi, Wartime Radio meets Harare Black Market.\u00a0<\/span><\/p>\n<p><span style=\"font-weight: 400; color: #000000;\">Masimba Hwati arbeitet in den Bereichen Skulptur, Video, Performance und Sound. Er hat einen MFA der University of Michigan, Ann Arbor und ist Doktorand an der Akademie der bildenden K\u00fcnste Wien im Bereich Kunstpraxis. Er ist ein Alumni der Skowhegan School of painting and Sculpture des Jahrgangs 2019. Er studierte und lehrte Bildhauerei an der Harare Polytechnic Art School. Er ist vertreten in verschiedenen Musseen \u2013 u.a. dem University of Michigan Museum of Art (UMMA), Iziko, South African National Gallery, Montreal Museum of Fine Arts, Scott White Contemporary, San Diego, George R. Nnamdi Collection, Detroit Michigan, National Gallery of Zimbabwe, Gervanne &amp; Matthias Leridon Collection. 2015 stellte er im simbabwischen Pavillon auf der 56. Biennale von Venedig aus. Er ist ehrenamtlicher Forschungsstipendiat am Rhodes University Fine Arts Department in Grahamstown, SA. Er hatte Einzel- und Gruppenausstellungen in vielen verschiedenen L\u00e4ndern, u.a. in Belgien, Simbabwe, S\u00fcdafrika, Deutschland, USA, Frankreich und Kanada.\u00a0<\/span><\/p>\n<p><span style=\"font-weight: 400; color: #000000;\">Ab dem 1. April 2021 wird er seine Residenz in Weimar antreten.\u00a0<\/span><\/p>\n<\/div>\n<\/div>\n<\/div>\n\n\n\n<div class=\"wp-block-column\" style=\"flex-basis:20%\"><\/div>\n<\/div>\n<\/div>\n<\/div>\n<\/div><\/div>\n<\/div><\/div>\n","protected":false},"excerpt":{"rendered":"","protected":false},"author":7,"featured_media":0,"parent":0,"menu_order":0,"comment_status":"closed","ping_status":"closed","template":"","meta":[],"_links":{"self":[{"href":"https:\/\/www.uni-weimar.de\/projekte\/radioartresidencyweimar\/wp-json\/wp\/v2\/pages\/2034"}],"collection":[{"href":"https:\/\/www.uni-weimar.de\/projekte\/radioartresidencyweimar\/wp-json\/wp\/v2\/pages"}],"about":[{"href":"https:\/\/www.uni-weimar.de\/projekte\/radioartresidencyweimar\/wp-json\/wp\/v2\/types\/page"}],"author":[{"embeddable":true,"href":"https:\/\/www.uni-weimar.de\/projekte\/radioartresidencyweimar\/wp-json\/wp\/v2\/users\/7"}],"replies":[{"embeddable":true,"href":"https:\/\/www.uni-weimar.de\/projekte\/radioartresidencyweimar\/wp-json\/wp\/v2\/comments?post=2034"}],"version-history":[{"count":5,"href":"https:\/\/www.uni-weimar.de\/projekte\/radioartresidencyweimar\/wp-json\/wp\/v2\/pages\/2034\/revisions"}],"predecessor-version":[{"id":2737,"href":"https:\/\/www.uni-weimar.de\/projekte\/radioartresidencyweimar\/wp-json\/wp\/v2\/pages\/2034\/revisions\/2737"}],"wp:attachment":[{"href":"https:\/\/www.uni-weimar.de\/projekte\/radioartresidencyweimar\/wp-json\/wp\/v2\/media?parent=2034"}],"curies":[{"name":"wp","href":"https:\/\/api.w.org\/{rel}","templated":true}]}}