{"id":2028,"date":"2022-03-04T22:09:43","date_gmt":"2022-03-04T21:09:43","guid":{"rendered":"https:\/\/www.uni-weimar.de\/projekte\/radioartresidencyweimar\/?page_id=2028"},"modified":"2022-10-17T17:43:35","modified_gmt":"2022-10-17T15:43:35","slug":"genoud-and-curci-2","status":"publish","type":"page","link":"https:\/\/www.uni-weimar.de\/projekte\/radioartresidencyweimar\/de\/genoud-and-curci-2\/","title":{"rendered":"GENOUD AND CURCI"},"content":{"rendered":"\n<div class=\"wp-block-cover alignfull has-white-background-color has-parallax has-custom-content-position is-position-top-center\" style=\"background-image:url(https:\/\/www.uni-weimar.de\/projekte\/radioartresidencyweimar\/wp-content\/uploads\/2022\/03\/BackGround.png);min-height:1401px\"><div class=\"wp-block-cover__inner-container\">\n<div style=\"height:111px\" aria-hidden=\"true\" class=\"wp-block-spacer\"><\/div>\n\n\n\n<div class=\"wp-block-group alignfull\"><div class=\"wp-block-group__inner-container\">\n<div class=\"wp-block-columns alignfull\">\n<div class=\"wp-block-column is-vertically-aligned-center\" style=\"flex-basis:100%\">\n<div class=\"wp-block-columns\">\n<div class=\"wp-block-column\" style=\"flex-basis:20%\"><\/div>\n\n\n\n<div class=\"wp-block-column\" style=\"flex-basis:60%\">\n<div class=\"wp-block-columns\">\n<div class=\"wp-block-column\">\n<div class=\"wp-block-image\"><figure class=\"aligncenter size-full\"><img loading=\"lazy\" width=\"569\" height=\"686\" src=\"https:\/\/www.uni-weimar.de\/projekte\/radioartresidencyweimar\/wp-content\/uploads\/2022\/03\/Frame-33.png\" alt=\"\" class=\"wp-image-2016\" srcset=\"https:\/\/www.uni-weimar.de\/projekte\/radioartresidencyweimar\/wp-content\/uploads\/2022\/03\/Frame-33.png 569w, https:\/\/www.uni-weimar.de\/projekte\/radioartresidencyweimar\/wp-content\/uploads\/2022\/03\/Frame-33-249x300.png 249w\" sizes=\"(max-width: 569px) 100vw, 569px\" \/><\/figure><\/div>\n\n\n\n<div class=\"wp-block-buttons\">\n<div class=\"wp-block-button is-style-outline\"><a class=\"wp-block-button__link has-text-color has-background\" href=\"https:\/\/www.uni-weimar.de\/projekte\/radioartresidencyweimar\/de\/0-1-pressemitteilung\/\" style=\"background-color:#eadfdc;color:#4d836e\"><strong>0.1 Pressemitteilung<\/strong><\/a><\/div>\n\n\n\n<div class=\"wp-block-button is-style-outline\"><a class=\"wp-block-button__link has-text-color has-background\" href=\"https:\/\/www.uni-weimar.de\/projekte\/radioartresidencyweimar\/de\/florencia-curci-und-agustin-genoud-auf-bauhaus-fm\/\" style=\"background-color:#eadfdc;color:#4d836e\"><strong>1.0 Sendung auf bauhaus.fm<\/strong><\/a><\/div>\n\n\n\n<div class=\"wp-block-button is-style-outline\"><a class=\"wp-block-button__link has-text-color has-background\" href=\"https:\/\/www.uni-weimar.de\/projekte\/radioartresidencyweimar\/de\/workshop-2\/\" style=\"background-color:#eadfdc;color:#4d836e\"><strong>1.1 workshop<\/strong><\/a><\/div>\n\n\n\n<div class=\"wp-block-button is-style-outline\"><a class=\"wp-block-button__link has-text-color has-background\" href=\"https:\/\/www.uni-weimar.de\/projekte\/radioartresidencyweimar\/de\/windkehre-2\/\" style=\"background-color:#eadfdc;color:#4d836e\"><strong>1.2 Windkehre<\/strong><\/a><\/div>\n\n\n\n<div class=\"wp-block-button is-style-outline\"><a class=\"wp-block-button__link has-text-color has-background\" href=\"https:\/\/www.uni-weimar.de\/projekte\/radioartresidencyweimar\/de\/ein-mund-voll-wald-2\/\" style=\"background-color:#eadfdc;color:#4d836e\"><strong>2.0 Ein Mund Voll Wald [Ausstellung]<\/strong><\/a><\/div>\n\n\n\n<div class=\"wp-block-button is-style-outline\"><a class=\"wp-block-button__link has-text-color has-background\" href=\"https:\/\/www.uni-weimar.de\/projekte\/radioartresidencyweimar\/de\/erinnerungen-an-den-mund-pandora-archiv\/\" style=\"background-color:#eadfdc;color:#4d836e\"><strong>2.0 Erinnerungen an den Mund: Pandora-Archiv<\/strong> <strong>[Broadcast]<\/strong><\/a><\/div>\n<\/div>\n<\/div>\n\n\n\n<div class=\"wp-block-column\">\n<p><span style=\"font-weight: 400; color: #000000;\"><strong>Agustin Genoud<\/strong> arbeitet als Performer, Musiker und Wissenschaftler (National University for the Arts) in den Bereichen zeitgen\u00f6ssische Stimme, Performance, Post-Humanismus und neue Medien. Er absolvierte Er hat einen Abschluss als Medienk\u00fcnstler und ein Postgraduiertenstudium in Datenwissenschaft und KI absolviert. Er war Gast und trat auf der Sonandes Sound Art International Biennal Bolivia\/ Music Makers Hack Lab &#8211; CTM Festival Berlin \/ The Wrong International Biennal \/ Tsonami Sound Art Festival Chile \/ FIME Sao Pablo \/ Metabody Symposium Chile \/ Neue Materialismen Symposium \/ Col\u00f3n Theater-Experimentelles Zentrum \/ Ter\u00e9n pole performativn\u00edho um\u011bn\u00ed Brno, u.a..&nbsp;<\/span><\/p>\n<p><span style=\"font-weight: 400; color: #000000;\"><strong>Florencia Curci<\/strong> arbeitet als Klang- und Radiok\u00fcnstlerin, Performerin und Kuratorin. Sie schloss ihr Postgraduiertenstudium in Expanded Music an der Universit\u00e4t UNSAM und das K\u00fcnstlerprogramm der Torcuato di Tella Universit\u00e4t. Seit 2017 ist sie Direktorin von CASo (Sound Art Center), einer vom argentinischen Kulturministerium abh\u00e4ngigen Einrichtung zur F\u00f6rderung der k\u00fcnstlerischen Forschung \u00fcber Klang, experimentelle Musik und soziale Akustik. Im Jahr 2020 gr\u00fcndete sie Radio CASo als Online-P\u00e1ramo, in dem man sich w\u00e4hrend der Pandemie versammeln kann. Ihre Arbeit wurde von KunstRadio, AMEE, CA2M (Madrid), Centro Cultural Kirchner (Arg) in Auftrag gegeben und ihre Live-Performances wurden unter anderem beim Festival Aural (MX), MediaLab Prado (Madrid) und Tsonami Sound Art Festival (Chile) pr\u00e4sentiert.<\/span><\/p>\n<\/div>\n<\/div>\n<\/div>\n\n\n\n<div class=\"wp-block-column\" style=\"flex-basis:20%\"><\/div>\n<\/div>\n<\/div>\n<\/div>\n<\/div><\/div>\n<\/div><\/div>\n","protected":false},"excerpt":{"rendered":"","protected":false},"author":7,"featured_media":0,"parent":0,"menu_order":0,"comment_status":"closed","ping_status":"closed","template":"","meta":[],"_links":{"self":[{"href":"https:\/\/www.uni-weimar.de\/projekte\/radioartresidencyweimar\/wp-json\/wp\/v2\/pages\/2028"}],"collection":[{"href":"https:\/\/www.uni-weimar.de\/projekte\/radioartresidencyweimar\/wp-json\/wp\/v2\/pages"}],"about":[{"href":"https:\/\/www.uni-weimar.de\/projekte\/radioartresidencyweimar\/wp-json\/wp\/v2\/types\/page"}],"author":[{"embeddable":true,"href":"https:\/\/www.uni-weimar.de\/projekte\/radioartresidencyweimar\/wp-json\/wp\/v2\/users\/7"}],"replies":[{"embeddable":true,"href":"https:\/\/www.uni-weimar.de\/projekte\/radioartresidencyweimar\/wp-json\/wp\/v2\/comments?post=2028"}],"version-history":[{"count":10,"href":"https:\/\/www.uni-weimar.de\/projekte\/radioartresidencyweimar\/wp-json\/wp\/v2\/pages\/2028\/revisions"}],"predecessor-version":[{"id":2459,"href":"https:\/\/www.uni-weimar.de\/projekte\/radioartresidencyweimar\/wp-json\/wp\/v2\/pages\/2028\/revisions\/2459"}],"wp:attachment":[{"href":"https:\/\/www.uni-weimar.de\/projekte\/radioartresidencyweimar\/wp-json\/wp\/v2\/media?parent=2028"}],"curies":[{"name":"wp","href":"https:\/\/api.w.org\/{rel}","templated":true}]}}

<div class="wp-block-cover alignfull has-white-background-color has-parallax has-custom-content-position is-position-top-center" style="background-image:url(https://www.uni-weimar.de/projekte/radioartresidencyweimar/wp-content/uploads/2022/03/BackGround.png);min-height:1401px"><div class="wp-block-cover__inner-container">
<div style="height:111px" aria-hidden="true" class="wp-block-spacer"></div>



<div class="wp-block-group alignfull"><div class="wp-block-group__inner-container">
<div class="wp-block-columns alignfull">
<div class="wp-block-column is-vertically-aligned-center" style="flex-basis:100%">
<div class="wp-block-columns">
<div class="wp-block-column" style="flex-basis:20%"></div>



<div class="wp-block-column" style="flex-basis:60%">
<div class="wp-block-columns">
<div class="wp-block-column">
<div class="wp-block-image"><figure class="aligncenter size-full"><img loading="lazy" width="569" height="686" src="https://www.uni-weimar.de/projekte/radioartresidencyweimar/wp-content/uploads/2022/03/Frame-33.png" alt="" class="wp-image-2016" srcset="https://www.uni-weimar.de/projekte/radioartresidencyweimar/wp-content/uploads/2022/03/Frame-33.png 569w, https://www.uni-weimar.de/projekte/radioartresidencyweimar/wp-content/uploads/2022/03/Frame-33-249x300.png 249w" sizes="(max-width: 569px) 100vw, 569px" /></figure></div>



<div class="wp-block-buttons">
<div class="wp-block-button is-style-outline"><a class="wp-block-button__link has-text-color has-background" href="https://www.uni-weimar.de/projekte/radioartresidencyweimar/de/0-1-pressemitteilung/" style="background-color:#eadfdc;color:#4d836e"><strong>0.1 Pressemitteilung</strong></a></div>



<div class="wp-block-button is-style-outline"><a class="wp-block-button__link has-text-color has-background" href="https://www.uni-weimar.de/projekte/radioartresidencyweimar/de/florencia-curci-und-agustin-genoud-auf-bauhaus-fm/" style="background-color:#eadfdc;color:#4d836e"><strong>1.0 Sendung auf bauhaus.fm</strong></a></div>



<div class="wp-block-button is-style-outline"><a class="wp-block-button__link has-text-color has-background" href="https://www.uni-weimar.de/projekte/radioartresidencyweimar/de/workshop-2/" style="background-color:#eadfdc;color:#4d836e"><strong>1.1 workshop</strong></a></div>



<div class="wp-block-button is-style-outline"><a class="wp-block-button__link has-text-color has-background" href="https://www.uni-weimar.de/projekte/radioartresidencyweimar/de/windkehre-2/" style="background-color:#eadfdc;color:#4d836e"><strong>1.2 Windkehre</strong></a></div>



<div class="wp-block-button is-style-outline"><a class="wp-block-button__link has-text-color has-background" href="https://www.uni-weimar.de/projekte/radioartresidencyweimar/de/ein-mund-voll-wald-2/" style="background-color:#eadfdc;color:#4d836e"><strong>2.0 Ein Mund Voll Wald [Ausstellung]</strong></a></div>



<div class="wp-block-button is-style-outline"><a class="wp-block-button__link has-text-color has-background" href="https://www.uni-weimar.de/projekte/radioartresidencyweimar/de/erinnerungen-an-den-mund-pandora-archiv/" style="background-color:#eadfdc;color:#4d836e"><strong>2.0 Erinnerungen an den Mund: Pandora-Archiv</strong> <strong>[Broadcast]</strong></a></div>
</div>
</div>



<div class="wp-block-column">
<p><span style="font-weight: 400; color: #000000;"><strong>Agustin Genoud</strong> arbeitet als Performer, Musiker und Wissenschaftler (National University for the Arts) in den Bereichen zeitgenössische Stimme, Performance, Post-Humanismus und neue Medien. Er absolvierte Er hat einen Abschluss als Medienkünstler und ein Postgraduiertenstudium in Datenwissenschaft und KI absolviert. Er war Gast und trat auf der Sonandes Sound Art International Biennal Bolivia/ Music Makers Hack Lab &#8211; CTM Festival Berlin / The Wrong International Biennal / Tsonami Sound Art Festival Chile / FIME Sao Pablo / Metabody Symposium Chile / Neue Materialismen Symposium / Colón Theater-Experimentelles Zentrum / Terén pole performativního umění Brno, u.a..&nbsp;</span></p>
<p><span style="font-weight: 400; color: #000000;"><strong>Florencia Curci</strong> arbeitet als Klang- und Radiokünstlerin, Performerin und Kuratorin. Sie schloss ihr Postgraduiertenstudium in Expanded Music an der Universität UNSAM und das Künstlerprogramm der Torcuato di Tella Universität. Seit 2017 ist sie Direktorin von CASo (Sound Art Center), einer vom argentinischen Kulturministerium abhängigen Einrichtung zur Förderung der künstlerischen Forschung über Klang, experimentelle Musik und soziale Akustik. Im Jahr 2020 gründete sie Radio CASo als Online-Páramo, in dem man sich während der Pandemie versammeln kann. Ihre Arbeit wurde von KunstRadio, AMEE, CA2M (Madrid), Centro Cultural Kirchner (Arg) in Auftrag gegeben und ihre Live-Performances wurden unter anderem beim Festival Aural (MX), MediaLab Prado (Madrid) und Tsonami Sound Art Festival (Chile) präsentiert.</span></p>
</div>
</div>
</div>



<div class="wp-block-column" style="flex-basis:20%"></div>
</div>
</div>
</div>
</div></div>
</div></div>
