{"id":1220,"date":"2022-02-02T13:03:24","date_gmt":"2022-02-02T12:03:24","guid":{"rendered":"https:\/\/www.uni-weimar.de\/projekte\/kurzschluss\/?page_id=1220"},"modified":"2022-12-13T21:23:17","modified_gmt":"2022-12-13T20:23:17","slug":"impressum","status":"publish","type":"page","link":"https:\/\/www.uni-weimar.de\/projekte\/kurzschluss\/impressum\/","title":{"rendered":"IMPRESSUM"},"content":{"rendered":"<div class=\"fusion-fullwidth fullwidth-box fusion-builder-row-1 fusion-flex-container nonhundred-percent-fullwidth non-hundred-percent-height-scrolling\" style=\"--awb-border-radius-top-left:0px;--awb-border-radius-top-right:0px;--awb-border-radius-bottom-right:0px;--awb-border-radius-bottom-left:0px;\" ><div class=\"fusion-builder-row fusion-row fusion-flex-align-items-flex-start\" style=\"max-width:1216.8px;margin-left: calc(-4% \/ 2 );margin-right: calc(-4% \/ 2 );\"><div class=\"fusion-layout-column fusion_builder_column fusion-builder-column-0 fusion_builder_column_1_1 1_1 fusion-flex-column\" style=\"--awb-bg-size:cover;--awb-width-large:100%;--awb-margin-top-large:0px;--awb-spacing-right-large:1.92%;--awb-margin-bottom-large:0px;--awb-spacing-left-large:1.92%;--awb-width-medium:100%;--awb-order-medium:0;--awb-spacing-right-medium:1.92%;--awb-spacing-left-medium:1.92%;--awb-width-small:100%;--awb-order-small:0;--awb-spacing-right-small:1.92%;--awb-spacing-left-small:1.92%;\"><div class=\"fusion-column-wrapper fusion-column-has-shadow fusion-flex-justify-content-flex-start fusion-content-layout-column\"><div class=\"fusion-text fusion-text-1\" style=\"--awb-text-transform:none;--awb-text-color:var(--awb-color6);\"><h1>IMPRESSUM<\/h1>\n<h3>Herausgeber<\/h3>\n<p>Fachbereich Produktdesign<br \/>\nBauhaus Universit\u00e4t Weimar<br \/>\nGeschwister-Scholl-Stra\u00dfe 7<br \/>\n99423 Weimar<br \/>\nwww.uni-weimar.de<\/p>\n<h3>Redaktion und Webdesign<\/h3>\n<p>Layout, Inhalt, Text: Studierende des Fachbereichs Produktdesign<\/p>\n<p>Betreuung:<br \/>\nSusann Paduch<br \/>\nK\u00fcnstlerische Mitarbeiterin<br \/>\nGeschwister-Scholl-Stra\u00dfe 7<br \/>\n99423 Weimar<\/p>\n<p>Susann.Paduch@uni-weimar.de<\/p>\n<p>Amel Kemmerich M.A.<br \/>\nGastdozentin<br \/>\nProdukt-Design<\/p>\n<p>amel.kemmerich@uni-weimar.de<\/p>\n<h3>Kontakt<\/h3>\n<p>Timm Burkhardt<br \/>\nK\u00fcnstlerischer Mitarbeiter<br \/>\nGeschwister-Scholl-Stra\u00dfe 7<br \/>\n99423 Weimar<\/p>\n<p>Timm.Burkhardt@uni-weimar.de<\/p>\n<h3>Copyright\/Urheberrecht<\/h3>\n<p>Alle Rechte vorbehalten, all rights reserved, Bauhaus-Universit\u00e4t Weimar, 99423 Weimar, Deutschland.<\/p>\n<p>Die Online-Dokumente und die Website der Domain www.uni-weimar.de\/projekte\/kurzschluss einschlie\u00dflich ihrer Teile sind urheberrechtlich gesch\u00fctzt. Sie d\u00fcrfen nur zum privaten, wissenschaftlichen und nichtgewerblichen Gebrauch zum Zweck der Information kopiert und ausgedruckt werden, wenn sie den Copyright-Hinweis enthalten. Die Bauhaus-Universit\u00e4t Weimar beh\u00e4lt sich das Recht vor, diese Erlaubnis jederzeit zu widerrufen. Ohne vorherige schriftliche Genehmigung der Bauhaus-Universit\u00e4t Weimar d\u00fcrfen diese Dokumente\/Website nicht vervielf\u00e4ltigt, archiviert, auf einem anderen Server gespeichert, in Newsgroups einbezogen, in Online-Diensten benutzt oder auf einer CD-ROM gespeichert werden. Die Bauhaus-Universit\u00e4t Weimar steht nicht daf\u00fcr ein, dass von Dritten bereitsgestellte Inhalte in jedem Fall rechtlich unbedenklich sind. Sie wird Hinweisen auf eventuelle Verletzungen von Rechten Dritter jedoch unverz\u00fcglich nachgehen<\/p>\n<\/div><\/div><\/div><\/div><\/div>\n","protected":false},"excerpt":{"rendered":"","protected":false},"author":2,"featured_media":0,"parent":0,"menu_order":0,"comment_status":"closed","ping_status":"closed","template":"","meta":{"inline_featured_image":false,"footnotes":""},"class_list":["post-1220","page","type-page","status-publish","hentry"],"acf":[],"_links":{"self":[{"href":"https:\/\/www.uni-weimar.de\/projekte\/kurzschluss\/wp-json\/wp\/v2\/pages\/1220","targetHints":{"allow":["GET"]}}],"collection":[{"href":"https:\/\/www.uni-weimar.de\/projekte\/kurzschluss\/wp-json\/wp\/v2\/pages"}],"about":[{"href":"https:\/\/www.uni-weimar.de\/projekte\/kurzschluss\/wp-json\/wp\/v2\/types\/page"}],"author":[{"embeddable":true,"href":"https:\/\/www.uni-weimar.de\/projekte\/kurzschluss\/wp-json\/wp\/v2\/users\/2"}],"replies":[{"embeddable":true,"href":"https:\/\/www.uni-weimar.de\/projekte\/kurzschluss\/wp-json\/wp\/v2\/comments?post=1220"}],"version-history":[{"count":18,"href":"https:\/\/www.uni-weimar.de\/projekte\/kurzschluss\/wp-json\/wp\/v2\/pages\/1220\/revisions"}],"predecessor-version":[{"id":5577,"href":"https:\/\/www.uni-weimar.de\/projekte\/kurzschluss\/wp-json\/wp\/v2\/pages\/1220\/revisions\/5577"}],"wp:attachment":[{"href":"https:\/\/www.uni-weimar.de\/projekte\/kurzschluss\/wp-json\/wp\/v2\/media?parent=1220"}],"curies":[{"name":"wp","href":"https:\/\/api.w.org\/{rel}","templated":true}]}}