{"id":8990,"date":"2020-11-02T14:45:17","date_gmt":"2020-11-02T12:45:17","guid":{"rendered":"https:\/\/www.uni-weimar.de\/projekte\/bauhaus-fm\/?page_id=8990"},"modified":"2020-11-02T14:45:17","modified_gmt":"2020-11-02T12:45:17","slug":"shift-fm-audioseeds-agitwalks","status":"publish","type":"page","link":"https:\/\/www.uni-weimar.de\/projekte\/bauhaus-fm\/shift-fm-audioseeds-agitwalks\/","title":{"rendered":"SHIFT FM &#8211; Audioseeds &#038; Agitwalks"},"content":{"rendered":"<p>\u201eAudioseeds &amp; Agitwalks\u201c \u2013 so nannte sich 2020 eine praxisorientierte Lehrveranstaltung am Experimentellen Radio der Bauhaus-Uni, in der die Studierenden k\u00fcnstlerische Antworten formulierten auf ihre unmittelbare Gegenwart der ersten globalen Pandemie-Welle. Als alle bisherigen Gewissenheiten ausgehebelt schienen &amp; die Zukunft so offen wie nie.<\/p>\n<p><!--more--><\/p>\n<p><strong>AGITWALKS:<\/strong> Weil sie wussten, dass Radio in Bewegung versetzt. Empf\u00e4nger sind Senderinnen sind Empf\u00e4ngerinnen sind Sender.<\/p>\n<p><strong>AUDIOSEEDS:<\/strong> Weil sie davon ausgingen, dass genau jetzt die beste aller Zeiten sei, um produktive Wellen der Imagination in die Zukunft zu schicken.<\/p>\n<p>Manche der damaligen Arbeiten erscheinen von heute aus geh\u00f6rt geradezu prophetisch. Andere vielleicht zu optimistisch oder zu d\u00fcster. Aber allen gemeinsam ist das ganz klare Gef\u00fchl: Ab jetzt kann nichts mehr bleiben wie bisher!<\/p>\n<p>Und so macht es umso mehr Freude, diese fr\u00fchen Arbeiten wiederzuh\u00f6ren, unter denen sich einige Namen tummeln, die seitdem weltweit bekannt wurden.<\/p>\n<hr \/>\n<p><strong>Dienstag, 07. Juli 2020<br \/>\n<\/strong><\/p>\n<p><iframe loading=\"lazy\" src=\"https:\/\/www.mixcloud.com\/widget\/iframe\/?hide_cover=1&amp;mini=1&amp;light=1&amp;feed=%2FBauhausFM%2Faudioseeds-agitwalks-nichts-als-die-wahrheit-sendung-vom-07-juli-2020-shiftfm%2F\" width=\"100%\" height=\"60\" frameborder=\"0\"><\/iframe><\/p>\n<p><strong>Nichts als die Wahrheit<\/strong> &#8211; die Enth\u00fcllungssendung von Freya Siewert und C\u00e4cilie Willkommen<br \/>\n<strong>Windhauch<\/strong> &#8211; Ein Audioskywalk von Marie Lilli Beckmann<\/p>\n<hr \/>\n<p><strong>Mittwoch, 08. Juli 2020<\/strong><\/p>\n<p><iframe loading=\"lazy\" src=\"https:\/\/www.mixcloud.com\/widget\/iframe\/?hide_cover=1&amp;mini=1&amp;light=1&amp;feed=%2FBauhausFM%2Faudioseeds-agitwalks-daseinsf%C3%BCrsorge-von-johanna-ledermann-sendung-vom-08-juli-2020-shiftfm%2F\" width=\"100%\" height=\"60\" frameborder=\"0\"><\/iframe><\/p>\n<p><strong>daseinsf\u00fcrsorge<\/strong> von Johanna Ledermann<\/p>\n<hr \/>\n<p><strong>Donnerstag, 09. Juli 2020<br \/>\n<\/strong><\/p>\n<p><iframe loading=\"lazy\" src=\"https:\/\/www.mixcloud.com\/widget\/iframe\/?hide_cover=1&amp;mini=1&amp;light=1&amp;feed=%2FBauhausFM%2Faudioseeds-agitwalks-corollmaymar-vogelschiss-sendung-vom-09-juli-2020-shiftfm%2F\" width=\"100%\" height=\"60\" frameborder=\"0\"><\/iframe><\/p>\n<p><strong>Windhauch<\/strong> &#8211; Ein Audioskywalk von Marie Lilli Beckmann<br \/>\n<strong>CoRoll&#8217;MaYMar<\/strong> &#8211; Ein Audiowalk f\u00fcr Skater von Marko H\u00f6rschelmann<br \/>\n<strong>Vogelschiss<\/strong> &#8211; Eine alternative F\u00fchrung durch Weimar von Konrad Behr<\/p>\n<hr \/>\n<p><strong>Freitag, 10. Juli 2020<\/strong><\/p>\n<p><iframe loading=\"lazy\" src=\"https:\/\/www.mixcloud.com\/widget\/iframe\/?hide_cover=1&amp;mini=1&amp;light=1&amp;feed=%2FBauhausFM%2Faudioseeds-agitwalks-daseinsf%C3%BCrsorge-von-johanna-ledermann-sendung-vom-10-juli-2020-shiftfm%2F\" width=\"100%\" height=\"60\" frameborder=\"0\"><\/iframe><\/p>\n<p><strong>daseinsf\u00fcrsorge<\/strong> von Johanna Ledermann<\/p>\n<hr \/>\n<p><strong>Sonntag, 12. Juli 2020<\/strong><\/p>\n<p><iframe loading=\"lazy\" src=\"https:\/\/www.mixcloud.com\/widget\/iframe\/?hide_cover=1&amp;mini=1&amp;light=1&amp;feed=%2FBauhausFM%2Faudioseeds-agitwalks-sendung-vom-12-juli-2020-shiftfm%2F\" width=\"100%\" height=\"60\" frameborder=\"0\"><\/iframe><\/p>\n<p><strong>Ein modischer Spaziergang<\/strong> von Martin Kolb<br \/>\n<strong>CoRoll&#8217;MaYMar<\/strong> &#8211; Ein Audiowalk f\u00fcr Skater von Marko H\u00f6rschelmann<br \/>\n<strong>Vogelschiss<\/strong> &#8211; Eine alternative F\u00fchrung durch Weimar von Konrad Behr<\/p>\n<hr \/>\n<p><strong>Montag, 13. Juli 2020<\/strong><\/p>\n<p><iframe loading=\"lazy\" src=\"https:\/\/www.mixcloud.com\/widget\/iframe\/?hide_cover=1&amp;mini=1&amp;light=1&amp;feed=%2FBauhausFM%2Faudioseeds-agitwalks-nichts-als-die-wahrheit-sendung-vom-13-juli-2020-shiftfm%2F\" width=\"100%\" height=\"60\" frameborder=\"0\"><\/iframe><\/p>\n<p><strong>Nichts als die Wahrheit<\/strong> &#8211; die Enth\u00fcllungssendung von Freya Siewert und C\u00e4cilie Willkommen<br \/>\n<strong>Windhauch<\/strong> &#8211; Ein Audioskywalk von Marie Lilli Beckmann<\/p>\n\n<hr \/>\n<p>Au\u00dferdem unter tinyurl.com\/error-trip ein audiounterst\u00fctztes Online-Textadventure von Yigit Tasdemir und Jacob Hartung.<\/p>\n<p>Im Kurs: C\u00e4cilie Willkommen, Freya Siewert, Jacob Hartung, Johanna Ledermann, Konrad Behr, Lukas Trautmann, Marie Lilli Beckmann, Marko H\u00f6rschelmann, Martin Kolb und Yigit Tasdemir.<\/p>\n<p>Leitungsteam: Lukas Matthaei und Fabian K\u00fchlein<\/p>\n\n","protected":false},"excerpt":{"rendered":"<p>\u201eAudioseeds &amp; Agitwalks\u201c \u2013 so nannte sich 2020 eine praxisorientierte Lehrveranstaltung am Experimentellen Radio der Bauhaus-Uni, in der die Studierenden k\u00fcnstlerische Antworten formulierten auf ihre unmittelbare Gegenwart der ersten globalen Pandemie-Welle. Als alle bisherigen Gewissenheiten ausgehebelt schienen &amp; die Zukunft so offen wie nie.<\/p>\n","protected":false},"author":24,"featured_media":8502,"parent":0,"menu_order":0,"comment_status":"closed","ping_status":"closed","template":"","meta":{"footnotes":""},"class_list":["post-8990","page","type-page","status-publish","has-post-thumbnail","hentry"],"_links":{"self":[{"href":"https:\/\/www.uni-weimar.de\/projekte\/bauhaus-fm\/wp-json\/wp\/v2\/pages\/8990","targetHints":{"allow":["GET"]}}],"collection":[{"href":"https:\/\/www.uni-weimar.de\/projekte\/bauhaus-fm\/wp-json\/wp\/v2\/pages"}],"about":[{"href":"https:\/\/www.uni-weimar.de\/projekte\/bauhaus-fm\/wp-json\/wp\/v2\/types\/page"}],"author":[{"embeddable":true,"href":"https:\/\/www.uni-weimar.de\/projekte\/bauhaus-fm\/wp-json\/wp\/v2\/users\/24"}],"replies":[{"embeddable":true,"href":"https:\/\/www.uni-weimar.de\/projekte\/bauhaus-fm\/wp-json\/wp\/v2\/comments?post=8990"}],"version-history":[{"count":2,"href":"https:\/\/www.uni-weimar.de\/projekte\/bauhaus-fm\/wp-json\/wp\/v2\/pages\/8990\/revisions"}],"predecessor-version":[{"id":9032,"href":"https:\/\/www.uni-weimar.de\/projekte\/bauhaus-fm\/wp-json\/wp\/v2\/pages\/8990\/revisions\/9032"}],"wp:featuredmedia":[{"embeddable":true,"href":"https:\/\/www.uni-weimar.de\/projekte\/bauhaus-fm\/wp-json\/wp\/v2\/media\/8502"}],"wp:attachment":[{"href":"https:\/\/www.uni-weimar.de\/projekte\/bauhaus-fm\/wp-json\/wp\/v2\/media?parent=8990"}],"curies":[{"name":"wp","href":"https:\/\/api.w.org\/{rel}","templated":true}]}}