{"id":1084,"date":"2016-02-01T19:00:16","date_gmt":"2016-02-01T17:00:16","guid":{"rendered":"http:\/\/www.uni-weimar.de\/projekte\/bauhaus-fm\/?page_id=1084"},"modified":"2016-04-05T18:17:59","modified_gmt":"2016-04-05T16:17:59","slug":"48h-sendung-februar-2016","status":"publish","type":"page","link":"https:\/\/www.uni-weimar.de\/projekte\/bauhaus-fm\/48h-sendung-februar-2016\/","title":{"rendered":"48h Sendung Februar 2016"},"content":{"rendered":"<table>\n<tbody>\n<tr>\n<td><\/td>\n<td>\n<h3>Montag, 1. Februar 2016<\/h3>\n<\/td>\n<td><\/td>\n<\/tr>\n<tr>\n<td>19:00 Uhr<\/td>\n<td><strong>Bauhaus FM Magazin<\/strong><br \/>\nProgramm\u00fcbersicht \u00fcber die 48h Sendung mit Bauhaus FM Redaktion und Lehrkr\u00e4ften<br \/>\n<a href=\"https:\/\/www.uni-weimar.de\/projekte\/bauhaus-fm\/bauhausfm-magazin\/\">Details &amp; Nachh\u00f6ren<\/a><\/td>\n<td>Magazin<\/td>\n<\/tr>\n<tr>\n<td>21:00 Uhr<\/td>\n<td><strong>Lyrik ist happening<\/strong><br \/>\nLive aus dem Hinterzimmer<br \/>\n<a href=\"http:\/\/www.uni-weimar.de\/projekte\/bauhaus-fm\/lyrik-ist-happening\/\">Details<\/a><\/td>\n<td>Live Musik \/ Lyrik Performance<\/td>\n<\/tr>\n<tr>\n<td>23:00 Uhr<\/td>\n<td><strong>Ich m\u00f6chte mit dem P\u00f6mpel ins Gemenge schlagen, dass es spritzt.<\/strong><br \/>\nmit Tommy Neuwirth<br \/>\n<a href=\"http:\/\/www.uni-weimar.de\/projekte\/bauhaus-fm\/ich-moechte-mit-dem-poempel-ins-gemenge-schlagen-dass-es-spritzt\/\">Details &amp; Nachh\u00f6ren<\/a><\/td>\n<td>Live Performance<\/td>\n<\/tr>\n<tr>\n<td><\/td>\n<td>\n<h3>Dienstag, 2. Februar 2016<\/h3>\n<\/td>\n<td><\/td>\n<\/tr>\n<tr>\n<td>00:00 Uhr<\/td>\n<td><strong>Ich m\u00f6chte mit dem P\u00f6mpel ins Gemenge schlagen, dass es spritzt.<\/strong><br \/>\nmit Tommy Neuwirth<br \/>\n<a href=\"http:\/\/www.uni-weimar.de\/projekte\/bauhaus-fm\/ich-moechte-mit-dem-poempel-ins-gemenge-schlagen-dass-es-spritzt\/\">Details &amp; Nachh\u00f6ren<\/a><\/td>\n<td>Live Performance<\/td>\n<\/tr>\n<tr>\n<td>02:00 Uhr<\/td>\n<td><strong>Preisrede zum besten H\u00f6rst\u00fcck der 48 h Sendung<\/strong><br \/>\nmit Max Conrad<\/td>\n<td>Beitrag<\/td>\n<\/tr>\n<tr>\n<td>03:00 Uhr<\/td>\n<td><strong>DJ Session<\/strong><\/td>\n<td>Musiksendung<\/td>\n<\/tr>\n<tr>\n<td>07:00 Uhr<\/td>\n<td><strong>backup 2016<\/strong><\/td>\n<td>Magazin<\/td>\n<\/tr>\n<tr>\n<td>09:00 Uhr<\/td>\n<td><strong>Drau\u00dfen vor der T\u00fcr<\/strong> &#8211; Das Fachgesch\u00e4ft<br \/>\nSendung vom 15.11.2015 aus der OMA Weimar<br \/>\n<a href=\"http:\/\/www.uni-weimar.de\/projekte\/bauhaus-fm\/das-fachgeschaeft\/\">Details &amp; Nachh\u00f6ren<\/a><\/td>\n<td>Wiederholung der Live Sendung<\/td>\n<\/tr>\n<tr>\n<td>11:00 Uhr<\/td>\n<td><strong>Anstiftung zum H\u00f6ren<\/strong><\/td>\n<td>Werkschau<\/td>\n<\/tr>\n<tr>\n<td>13:00 Uhr<\/td>\n<td><strong>Expose Yourself<\/strong><br \/>\nRadioprojekt Alessandro Bosetti<\/td>\n<td>Radiokunst<\/td>\n<\/tr>\n<tr>\n<td>15:00 Uhr<\/td>\n<td><strong>Neuigkeiten Architektur\/Urbanistik<\/strong><\/td>\n<td>Magazin<\/td>\n<\/tr>\n<tr>\n<td>16:00 Uhr<\/td>\n<td><strong>Arbeiten aus dem Einf\u00fchrungsmodul und dem Audiobaukasten<\/strong><br \/>\n<a href=\"http:\/\/www.uni-weimar.de\/projekte\/bauhaus-fm\/arbeiten-aus-dem-einfuehrungsmodul-und-dem-audiobaukasten\/\">Details und Nachh\u00f6ren<\/a><\/td>\n<td>Werkschau<\/td>\n<\/tr>\n<tr>\n<td>18:00 Uhr<\/td>\n<td><strong>Composing Language<\/strong><br \/>\nRadioprojekt Alessandro Bosetti<\/td>\n<td>Radiokunst<\/td>\n<\/tr>\n<tr>\n<td>20:00 Uhr<\/td>\n<td><strong>Draussen vor der T\u00fcr<\/strong><br \/>\nLive Show aus der B11<\/td>\n<td>Gespr\u00e4chs- und Musiksendung<\/td>\n<\/tr>\n<tr>\n<td><\/td>\n<td>\n<h3>Mittwoch, 3. Februar 2016<\/h3>\n<\/td>\n<td><\/td>\n<\/tr>\n<tr>\n<td>00:00 Uhr<\/td>\n<td><strong>Das Terr\u00e4sschen von Ratinchez<\/strong><br \/>\nmit Igor Ratinoff<\/td>\n<td>Late Night Show<\/td>\n<\/tr>\n<tr>\n<td>02:00 Uhr<\/td>\n<td><strong>Dystopian Talk<\/strong><br \/>\nmit Saman Moinsadat und Marco Schr\u00f6der<\/td>\n<td>Klangkunst<\/td>\n<\/tr>\n<tr>\n<td>04:00 Uhr<\/td>\n<td><strong>Wenn nichts gravierendes wie Krankheit und oder Unfall &#8230; (Das soll aber unter uns bleiben)<br \/>\n<\/strong>mit elffriede.aufzeichnensysteme in Wien und Konrad Behr in Weimar<br \/>\n<a href=\"http:\/\/www.uni-weimar.de\/projekte\/bauhaus-fm\/wenn-nichts-gravierendes-wie-krankheit-und-oder-unfall\/\">Details<\/a><\/td>\n<td>Radiokunst<\/td>\n<\/tr>\n<tr>\n<td>06:00 Uhr<\/td>\n<td><strong>Drau\u00dfen vor der T\u00fcr<\/strong> &#8211; Die Wintermarkt-Show<br \/>\nSendung vom 14.12.2015 aus der OMA Weimar<br \/>\n<a href=\"http:\/\/www.uni-weimar.de\/projekte\/bauhaus-fm\/die-wintermarkt-show\/\">Details &amp; Nachh\u00f6ren<\/a><\/td>\n<td>Wiederholung der Live Sendung<\/td>\n<\/tr>\n<tr>\n<td>08:00 Uhr<\/td>\n<td><strong>Drau\u00dfen vor der T\u00fcr<\/strong> &#8211; Konsum bewu\u00dft und lokal<br \/>\nSendung vom 11.1.2016 aus der K\u00fcche<br \/>\n<a href=\"http:\/\/www.uni-weimar.de\/projekte\/bauhaus-fm\/das-fachgeschaeft-kocht\/\">Details &amp; Nachh\u00f6ren<\/a><\/td>\n<td>Wiederholung der Live Sendung<\/td>\n<\/tr>\n<tr>\n<td>10:00 Uhr<\/td>\n<td><strong>Neues vom Stuko<\/strong><\/td>\n<td>Talk<\/td>\n<\/tr>\n<tr>\n<td>12:00 Uhr<\/td>\n<td><strong>Zieht euch warm an<\/strong><\/td>\n<td>Werkschau<\/td>\n<\/tr>\n<tr>\n<td>14:00 Uhr<\/td>\n<td><strong>Neuigkeiten Architektur\/Urbanistik<\/strong><\/td>\n<td>Talk<\/td>\n<\/tr>\n<tr>\n<td>15:00 Uhr<\/td>\n<td><strong>Big Bricks Music<\/strong><\/td>\n<td>Musiksendung<\/td>\n<\/tr>\n<tr>\n<td>16:00 Uhr<\/td>\n<td><strong>Sprachkurs Deutsch<\/strong><br \/>\n<a href=\"http:\/\/www.uni-weimar.de\/projekte\/bauhaus-fm\/sprachkurs-deutsch-im-studio\/\">Details &amp; Nachh\u00f6ren<\/a><\/td>\n<td>Talk<\/td>\n<\/tr>\n<tr>\n<td>17:00 Uhr<\/td>\n<td><strong>Bauhaus FM Magazin<\/strong><br \/>\nVorausschau Sommersemester 2016 mit Bauhaus FM Redaktion und Lehrkr\u00e4ften<\/td>\n<td>Magazin<\/td>\n<\/tr>\n<\/tbody>\n<\/table>\n","protected":false},"excerpt":{"rendered":"<p>Montag, 1. Februar 2016 19:00 Uhr Bauhaus FM Magazin Programm\u00fcbersicht \u00fcber die 48h Sendung mit Bauhaus FM Redaktion und Lehrkr\u00e4ften Details &amp; Nachh\u00f6ren Magazin 21:00 Uhr Lyrik ist happening Live aus dem Hinterzimmer Details Live Musik \/ Lyrik Performance 23:00 Uhr Ich m\u00f6chte mit dem P\u00f6mpel ins Gemenge schlagen, dass es spritzt. mit Tommy Neuwirth [&hellip;]<\/p>\n","protected":false},"author":5,"featured_media":1134,"parent":0,"menu_order":0,"comment_status":"closed","ping_status":"closed","template":"","meta":{"footnotes":""},"class_list":["post-1084","page","type-page","status-publish","has-post-thumbnail","hentry"],"_links":{"self":[{"href":"https:\/\/www.uni-weimar.de\/projekte\/bauhaus-fm\/wp-json\/wp\/v2\/pages\/1084","targetHints":{"allow":["GET"]}}],"collection":[{"href":"https:\/\/www.uni-weimar.de\/projekte\/bauhaus-fm\/wp-json\/wp\/v2\/pages"}],"about":[{"href":"https:\/\/www.uni-weimar.de\/projekte\/bauhaus-fm\/wp-json\/wp\/v2\/types\/page"}],"author":[{"embeddable":true,"href":"https:\/\/www.uni-weimar.de\/projekte\/bauhaus-fm\/wp-json\/wp\/v2\/users\/5"}],"replies":[{"embeddable":true,"href":"https:\/\/www.uni-weimar.de\/projekte\/bauhaus-fm\/wp-json\/wp\/v2\/comments?post=1084"}],"version-history":[{"count":42,"href":"https:\/\/www.uni-weimar.de\/projekte\/bauhaus-fm\/wp-json\/wp\/v2\/pages\/1084\/revisions"}],"predecessor-version":[{"id":1259,"href":"https:\/\/www.uni-weimar.de\/projekte\/bauhaus-fm\/wp-json\/wp\/v2\/pages\/1084\/revisions\/1259"}],"wp:featuredmedia":[{"embeddable":true,"href":"https:\/\/www.uni-weimar.de\/projekte\/bauhaus-fm\/wp-json\/wp\/v2\/media\/1134"}],"wp:attachment":[{"href":"https:\/\/www.uni-weimar.de\/projekte\/bauhaus-fm\/wp-json\/wp\/v2\/media?parent=1084"}],"curies":[{"name":"wp","href":"https:\/\/api.w.org\/{rel}","templated":true}]}}

<table>
<tbody>
<tr>
<td></td>
<td>
<h3>Montag, 1. Februar 2016</h3>
</td>
<td></td>
</tr>
<tr>
<td>19:00 Uhr</td>
<td><strong>Bauhaus FM Magazin</strong><br />
Programmübersicht über die 48h Sendung mit Bauhaus FM Redaktion und Lehrkräften<br />
<a href="https://www.uni-weimar.de/projekte/bauhaus-fm/bauhausfm-magazin/">Details &amp; Nachhören</a></td>
<td>Magazin</td>
</tr>
<tr>
<td>21:00 Uhr</td>
<td><strong>Lyrik ist happening</strong><br />
Live aus dem Hinterzimmer<br />
<a href="http://www.uni-weimar.de/projekte/bauhaus-fm/lyrik-ist-happening/">Details</a></td>
<td>Live Musik / Lyrik Performance</td>
</tr>
<tr>
<td>23:00 Uhr</td>
<td><strong>Ich möchte mit dem Pömpel ins Gemenge schlagen, dass es spritzt.</strong><br />
mit Tommy Neuwirth<br />
<a href="http://www.uni-weimar.de/projekte/bauhaus-fm/ich-moechte-mit-dem-poempel-ins-gemenge-schlagen-dass-es-spritzt/">Details &amp; Nachhören</a></td>
<td>Live Performance</td>
</tr>
<tr>
<td></td>
<td>
<h3>Dienstag, 2. Februar 2016</h3>
</td>
<td></td>
</tr>
<tr>
<td>00:00 Uhr</td>
<td><strong>Ich möchte mit dem Pömpel ins Gemenge schlagen, dass es spritzt.</strong><br />
mit Tommy Neuwirth<br />
<a href="http://www.uni-weimar.de/projekte/bauhaus-fm/ich-moechte-mit-dem-poempel-ins-gemenge-schlagen-dass-es-spritzt/">Details &amp; Nachhören</a></td>
<td>Live Performance</td>
</tr>
<tr>
<td>02:00 Uhr</td>
<td><strong>Preisrede zum besten Hörstück der 48 h Sendung</strong><br />
mit Max Conrad</td>
<td>Beitrag</td>
</tr>
<tr>
<td>03:00 Uhr</td>
<td><strong>DJ Session</strong></td>
<td>Musiksendung</td>
</tr>
<tr>
<td>07:00 Uhr</td>
<td><strong>backup 2016</strong></td>
<td>Magazin</td>
</tr>
<tr>
<td>09:00 Uhr</td>
<td><strong>Draußen vor der Tür</strong> &#8211; Das Fachgeschäft<br />
Sendung vom 15.11.2015 aus der OMA Weimar<br />
<a href="http://www.uni-weimar.de/projekte/bauhaus-fm/das-fachgeschaeft/">Details &amp; Nachhören</a></td>
<td>Wiederholung der Live Sendung</td>
</tr>
<tr>
<td>11:00 Uhr</td>
<td><strong>Anstiftung zum Hören</strong></td>
<td>Werkschau</td>
</tr>
<tr>
<td>13:00 Uhr</td>
<td><strong>Expose Yourself</strong><br />
Radioprojekt Alessandro Bosetti</td>
<td>Radiokunst</td>
</tr>
<tr>
<td>15:00 Uhr</td>
<td><strong>Neuigkeiten Architektur/Urbanistik</strong></td>
<td>Magazin</td>
</tr>
<tr>
<td>16:00 Uhr</td>
<td><strong>Arbeiten aus dem Einführungsmodul und dem Audiobaukasten</strong><br />
<a href="http://www.uni-weimar.de/projekte/bauhaus-fm/arbeiten-aus-dem-einfuehrungsmodul-und-dem-audiobaukasten/">Details und Nachhören</a></td>
<td>Werkschau</td>
</tr>
<tr>
<td>18:00 Uhr</td>
<td><strong>Composing Language</strong><br />
Radioprojekt Alessandro Bosetti</td>
<td>Radiokunst</td>
</tr>
<tr>
<td>20:00 Uhr</td>
<td><strong>Draussen vor der Tür</strong><br />
Live Show aus der B11</td>
<td>Gesprächs- und Musiksendung</td>
</tr>
<tr>
<td></td>
<td>
<h3>Mittwoch, 3. Februar 2016</h3>
</td>
<td></td>
</tr>
<tr>
<td>00:00 Uhr</td>
<td><strong>Das Terrässchen von Ratinchez</strong><br />
mit Igor Ratinoff</td>
<td>Late Night Show</td>
</tr>
<tr>
<td>02:00 Uhr</td>
<td><strong>Dystopian Talk</strong><br />
mit Saman Moinsadat und Marco Schröder</td>
<td>Klangkunst</td>
</tr>
<tr>
<td>04:00 Uhr</td>
<td><strong>Wenn nichts gravierendes wie Krankheit und oder Unfall &#8230; (Das soll aber unter uns bleiben)<br />
</strong>mit elffriede.aufzeichnensysteme in Wien und Konrad Behr in Weimar<br />
<a href="http://www.uni-weimar.de/projekte/bauhaus-fm/wenn-nichts-gravierendes-wie-krankheit-und-oder-unfall/">Details</a></td>
<td>Radiokunst</td>
</tr>
<tr>
<td>06:00 Uhr</td>
<td><strong>Draußen vor der Tür</strong> &#8211; Die Wintermarkt-Show<br />
Sendung vom 14.12.2015 aus der OMA Weimar<br />
<a href="http://www.uni-weimar.de/projekte/bauhaus-fm/die-wintermarkt-show/">Details &amp; Nachhören</a></td>
<td>Wiederholung der Live Sendung</td>
</tr>
<tr>
<td>08:00 Uhr</td>
<td><strong>Draußen vor der Tür</strong> &#8211; Konsum bewußt und lokal<br />
Sendung vom 11.1.2016 aus der Küche<br />
<a href="http://www.uni-weimar.de/projekte/bauhaus-fm/das-fachgeschaeft-kocht/">Details &amp; Nachhören</a></td>
<td>Wiederholung der Live Sendung</td>
</tr>
<tr>
<td>10:00 Uhr</td>
<td><strong>Neues vom Stuko</strong></td>
<td>Talk</td>
</tr>
<tr>
<td>12:00 Uhr</td>
<td><strong>Zieht euch warm an</strong></td>
<td>Werkschau</td>
</tr>
<tr>
<td>14:00 Uhr</td>
<td><strong>Neuigkeiten Architektur/Urbanistik</strong></td>
<td>Talk</td>
</tr>
<tr>
<td>15:00 Uhr</td>
<td><strong>Big Bricks Music</strong></td>
<td>Musiksendung</td>
</tr>
<tr>
<td>16:00 Uhr</td>
<td><strong>Sprachkurs Deutsch</strong><br />
<a href="http://www.uni-weimar.de/projekte/bauhaus-fm/sprachkurs-deutsch-im-studio/">Details &amp; Nachhören</a></td>
<td>Talk</td>
</tr>
<tr>
<td>17:00 Uhr</td>
<td><strong>Bauhaus FM Magazin</strong><br />
Vorausschau Sommersemester 2016 mit Bauhaus FM Redaktion und Lehrkräften</td>
<td>Magazin</td>
</tr>
</tbody>
</table>

<p>Montag, 1. Februar 2016 19:00 Uhr Bauhaus FM Magazin Programmübersicht über die 48h Sendung mit Bauhaus FM Redaktion und Lehrkräften Details &amp; Nachhören Magazin 21:00 Uhr Lyrik ist happening Live aus dem Hinterzimmer Details Live Musik / Lyrik Performance 23:00 Uhr Ich möchte mit dem Pömpel ins Gemenge schlagen, dass es spritzt. mit Tommy Neuwirth [&hellip;]</p>
